g?
5
Suppose -22 = s - 5*b, 4*b = 4*s - 0*s + 8. Suppose t - 2*x = 111, 0*t - s*x = -2*t + 220. What is the hundreds digit of t?
1
What is the units digit of 47991 + (-96)/56 + (-45)/(-63)?
0
Let v be ((-565)/339)/(1*2/(-18)). What is the tens digit of (-3)/((-1)/(1250/v))?
5
Suppose -7*i = -13*i + 30. Suppose -1558 - 4722 = -i*v. What is the hundreds digit of (4/(-8))/((-4)/v) + 2?
1
Let q = -1358 + 5145. What is the tens digit of q?
8
Let q(n) be the second derivative of -n**4/12 + 53*n**3/6 + 67*n**2/2 + 28*n + 3. What is the tens digit of q(19)?
1
Let i be (-11 - -5)*239*-1. Suppose 6*c - i = 3*c. What is the units digit of c?
8
Suppose -35*x + 31*x = -4. What is the units digit of (-2 + x)*(1 - 222)?
1
Let r be 255/2 - (-4)/8. Let w = 100 - r. Let f = 36 - w. What is the tens digit of f?
6
Let h be ((-423)/(-18))/(2/(-4)). Let d = h + 78. Suppose a - 51 = 5*u, -d = -a - 0*u - 5*u. What is the units digit of a?
1
Suppose -7*n - 3*x = -5*n - 17523, -n + 8761 = x. Suppose 47*c = 53*c - n. What is the hundreds digit of c?
4
Let b(s) = 58*s + 40. Let r be b(11). Let g = -415 + r. What is the tens digit of g?
6
Let v be -11 + 7 + 177/(-3) - -2. What is the tens digit of (58 + v)*(-425)/3?
2
Suppose -14*x + 63248 = -9*x + 3*n, -4*x = -2*n - 50616. What is the tens digit of x?
5
Let p(g) = -15*g**3 + 2*g**2 + 3*g + 1. Let j be p(-1). Let i = 67 - j. What is the units digit of i?
2
Suppose 5*b = -152*f + 154*f + 196646, 4*f + 78684 = 2*b. What is the ten thousands digit of b?
3
What is the ten thousands digit of 5 + 7 + 13570 + 9?
1
Let b be 12*(-2)/28*(-14)/3. Suppose -b*h - 2*n = -56, -3*n + n = -2*h + 40. What is the units digit of (-15)/(-40) + 42/h?
3
Suppose 0 = k + 3*g - 6237, -17186 = -5*k + 4*g + 14113. What is the tens digit of k?
5
Let m(j) = -13*j**3 - 5*j**2 - 12. Let p be m(-5). Suppose 0 = 2*i - p - 262. What is the hundreds digit of i?
8
Let m(y) = 35*y**2 + 1. Let n be 259/9 - 6/(-27). Let l = n - 28. What is the units digit of m(l)?
6
Let i = -6 + 8. Suppose 25 = l + 5*j, 4*l - i*j - 40 = -7*j. Suppose 51 = g - l*s, g + 3*s = 5*s + 66. What is the tens digit of g?
7
Let c = -4324 + 8452. Suppose 61*o + c = 85*o. What is the units digit of o?
2
Let u(y) = -y**3 + 21*y**2 + 2*y - 39. Let b be u(21). Suppose 5*x + 1092 = 4*o, -b*x + 348 = 2*o - 198. What is the tens digit of o?
7
Suppose 5*q = -w - 22553 + 56118, -2*q + w + 13433 = 0. What is the tens digit of q?
1
Suppose 12 = -63*o + 66*o. Let q(g) = -26 + 2*g**2 - 8*g**2 - 5*g - g**3 + o*g**2. What is the tens digit of q(-5)?
7
Suppose 24 = -6*x + 8*x. What is the tens digit of (393/2)/(9/x)?
6
Suppose 128*w - 500781 - 304979 = 0. What is the hundreds digit of w?
2
Suppose -4*i - 54741 + 14131 = -3*b, -5*b = 3*i - 67664. What is the thousands digit of b?
3
What is the hundreds digit of -4*(0 + (-13291)/(-4))*(38 - 39)?
2
What is the units digit of 9/36*-10 + 39340/8?
5
Let c(a) = -a + 11. Let s be c(7). Suppose 3*u - 3*p + 720 = 0, s*u + 3*p + 810 = -178. What is the tens digit of (13/(-39))/(1/(1 + u))?
8
Suppose 0 = 3*b + 36 - 63. Suppose 8*v = b*v - 344. What is the units digit of v?
4
Let k(x) = -100*x**3 - 100*x**2 - 601*x - 13. What is the units digit of k(-6)?
3
What is the hundreds digit of 0 + 9732 + -153 + 149?
7
Let m(n) = -n**2 - 5*n + 6. Let r be m(-6). Suppose 247*x = 243*x + 8. Suppose -f + i - x*i + 174 = 0, 3*f + 5*i - 520 = r. What is the tens digit of f?
7
Let u(c) = 38*c - 1412. What is the hundreds digit of u(59)?
8
Let f(x) = 4*x - 26*x + 3*x**2 + 3*x + 9*x - 23. What is the tens digit of f(9)?
3
Suppose -4*n + 2 = 3*d, -5*d - 37*n = -34*n + 15. Let z(r) = 3*r**2 - 15*r - 33. What is the hundreds digit of z(d)?
1
Let p = -331 + -524. Let q = 1409 + p. What is the tens digit of q?
5
Suppose 5*u - 2*w - 132324 = 13358, -5*w = 4*u - 116539. What is the thousands digit of u?
9
What is the tens digit of (-42)/315*-7368 - (-2)/(-5)?
8
Let b be (-6)/(-2) + 0 + 4. Let h(z) be the second derivative of z**5/20 - 5*z**4/12 - z**3/3 - 3*z**2 + 2*z - 3. What is the units digit of h(b)?
8
Suppose -2*z = 121 - 149. Suppose -5*m + 2843 = -2*n, z*m - 10*m = -2*n + 2278. What is the units digit of m?
9
Let u(k) = 6*k**2 - 124*k + 905. What is the units digit of u(49)?
5
Let z be (-1 - -423) + -2 + -6. Suppose -7655 = -5*b + 5*t, 3*t - 1949 + z = -b. What is the units digit of b?
2
Let o(p) = -62*p - 378. Let h be o(-25). Suppose -2*l - 149 = -j + 44, h = 6*j - 5*l. What is the hundreds digit of j?
1
Suppose -92*g = -90*g + 4. Let p be 0/(g/(10/(-15))). Let t(q) = -q**2 - 3*q + 100. What is the units digit of t(p)?
0
Let m(i) be the third derivative of i**6/120 - i**5/4 - i**4/24 - 11*i**3/6 + 8*i**2. Let w be m(15). Let j = 53 + w. What is the tens digit of j?
2
Suppose 0*q + 11 = q. Let v = -114 + 126. Suppose -v = -4*a, -m - 4*a + 73 - q = 0. What is the units digit of m?
0
Suppose 27*a = 77933 - 71014 + 374024. What is the thousands digit of a?
4
Let s = -421 - -1213. Suppose -s = -3*l + 714. What is the hundreds digit of l?
5
Let v = -1379 + 2899. Suppose -120*r = -124*r + v. What is the tens digit of r?
8
Let x = 3537 + -2487. Suppose -5*g + x = -5*w - 1105, 4*g - 5*w - 1727 = 0. What is the tens digit of g?
2
Suppose -26846*m - 86823 = -26855*m. What is the tens digit of m?
4
Suppose 0 = -4*j + 4*k + 31 - 3843, -4*j = k + 3802. Let y = 1563 + j. What is the tens digit of y?
1
Let o(j) = 173*j**2 - 62*j - 46. What is the tens digit of o(-6)?
5
Let c = 1870 + -1643. Let z = -250 + 127. Let r = z + c. What is the units digit of r?
4
Suppose 0 = -7*c + 1462 - 6. Let o = c + -143. What is the units digit of o?
5
Let s(n) = -29*n**2 - 21*n - 82. Let z be s(-10). Let b = z - -3956. What is the hundreds digit of b?
1
Let r be 11*(48/40)/((-6)/(-40)). Suppose 5*b - 4*x - 106 = -x, 4*x + r = 4*b. What is the units digit of b?
0
Suppose -4*n + 6*n = 6. Suppose 3*w = n + 9. Suppose -5*t = l - 2*l + 48, 2*l = w*t + 126. What is the units digit of l?
3
Let l = -23 + 26. Suppose 0 + 8 = 5*p + d, l*d + 6 = 0. Suppose -x + p = 4, 2*j - 4*x - 156 = 0. What is the tens digit of j?
7
Let g = 4697 + 699. What is the tens digit of g?
9
Let d = 101 - 65. Let i be 3 - (-1)/(-4)*d/9. Suppose i*h = 7*h - 650. What is the units digit of h?
0
Let u be (-3)/(-5 - (-2738)/547). Let s = u - -777. What is the hundreds digit of s?
2
Let y = -133 + 86. Let v = 15 + y. What is the units digit of (-57)/(-2*(-12)/v)?
6
Suppose 4*b = -6 - 2, -8*i - 5*b + 54038 = 0. What is the hundreds digit of i?
7
Let s = -484 + 491. Let a(m) = 6*m**2 + 5*m - 55. What is the units digit of a(s)?
4
Let i = 80 + -74. Let f be (-4 - 39/(-9))*i. What is the tens digit of -3 - -159 - f/(-3 - -2)?
5
Let p(b) = b**3 - 6*b**2 - 7*b. Let z be p(7). Let l(d) = -d**3 - d + 18. Let s be l(z). Suppose -7*a + s*a - 902 = 0. What is the tens digit of a?
8
Let x = -60 - -63. Suppose -8*r + x*r + 20 = 0. Suppose -r*b - 4*y + 432 = 0, -2*b + 408 = 2*b - 4*y. What is the hundreds digit of b?
1
Suppose 4*x = -5*c + 124418, -70*c + 4*x = -72*c + 49760. What is the units digit of c?
6
Suppose 6*p + 9 = 3*p. Let m(d) = -136*d - 7. What is the units digit of m(p)?
1
Suppose -6*s - 362 = -380. Suppose -u - s*y + 157 = 30, 0 = -u + y + 143. What is the tens digit of u?
3
Let a(i) = 35*i + 19. Let l be a(4). Let s = l + -107. Suppose 4*q - 36 = s. What is the units digit of q?
2
What is the ten thousands digit of ((-433202)/42 - -13)/((-4)/6)?
1
Let u be 9 - (23 + 3 - 9). Let t(d) = 5*d**2 - 13*d - 82. What is the units digit of t(u)?
2
Let i(c) = c**2 + 22*c. What is the tens digit of i(-48)?
4
Let q(s) = -19*s + 13. Let m(y) = 58*y - 38. Let n(w) = 6*m(w) + 17*q(w). Let k be n(3). Suppose 0 = -20*g + 19*g + k. What is the tens digit of g?
6
What is the ten thousands digit of 0 + 14305 + -35 + 13?
1
Let g = -232 + 153. Let a = 1081 - g. What is the thousands digit of a?
1
Let g(c) = 2*c**2 + 2*c + 6. Let x = 53 - 112. Let m = x - -55. What is the units digit of g(m)?
0
Let p(t) = 7*t**3 - 5*t**2 - 5*t - 1. Let n be p(3). Suppose -x + n = -5*f, 3*x - f + 3*f = 469. Let k = x - -10. What is the hundreds digit of k?
1
Suppose 0 = 3*i - 31 - 26. Suppose -i*j = -25*j + 756. What is the tens digit of j?
2
Suppose -34*u = -35*u - 7. What is the tens